{"id":218,"date":"2024-08-18T10:47:09","date_gmt":"2024-08-18T13:47:09","guid":{"rendered":"https:\/\/laboratorios.uepb.edu.br\/labegi\/?page_id=218"},"modified":"2025-12-13T17:44:50","modified_gmt":"2025-12-13T20:44:50","slug":"noticias","status":"publish","type":"page","link":"https:\/\/laboratorios.uepb.edu.br\/labegi\/noticias\/","title":{"rendered":"Not\u00edcias"},"content":{"rendered":"<ul>\n<li><a href=\"https:\/\/centros.uepb.edu.br\/ccbsa\/assembleia-legislativa-da-paraiba-concede-titulo-de-cidada-paraibana-a-professora-do-curso-de-arquivologia-da-uepb\/\" target=\"_blank\" rel=\"noopener\">Assembleia Legislativa da Para\u00edba concede t\u00edtulo de cidad\u00e3 paraibana \u00e0 professora do LABEGI<\/a><\/li>\n<\/ul>\n<hr \/>\n<ul>\n<li><a href=\"https:\/\/centros.uepb.edu.br\/ccbsa\/pesquisa-de-docente-da-uepb-com-foco-na-area-de-descarbonizacao-e-destaque-em-periodico-internacional\/\" target=\"_blank\" rel=\"noopener\">Pesquisa de docente do LABEGI com foco na \u00e1rea de descarboniza\u00e7\u00e3o \u00e9 destaque em peri\u00f3dico internacional<\/a><\/li>\n<\/ul>\n<hr \/>\n<ul>\n<li><a href=\"https:\/\/www.academiadecordel.com.br\/professora-da-uepb-e-reconhecida-pelo-seu-trabalho-na-salvaguarda-do-cordel-brasileiro\/\" target=\"_blank\" rel=\"noopener\">Professora do LABEGI \u00e9 reconhecida pelo seu trabalho na salvaguarda do cordel brasileiro<\/a><\/li>\n<\/ul>\n<hr \/>\n<ul>\n<li><a href=\"https:\/\/www.ufpb.br\/noticias\/ufpb-reconhece-20-teses-de-doutorado-com-premio-lenilde-duarte-de-sa\/\" target=\"_blank\" rel=\"noopener\">Tese de doutorado do Prof. Wilker \u00e9 premiada entre as 20 melhores no Pr\u00eamio Lenilde Duarte de S\u00e1 de Teses da UFPB<\/a><\/li>\n<\/ul>\n<p>&nbsp;<\/p>\n","protected":false},"excerpt":{"rendered":"<p>Assembleia Legislativa da Para\u00edba concede t\u00edtulo de cidad\u00e3 paraibana \u00e0 professora do LABEGI Pesquisa de docente do LABEGI com foco na \u00e1rea de descarboniza\u00e7\u00e3o \u00e9 destaque em peri\u00f3dico internacional Professora do LABEGI \u00e9 reconhecida pelo seu trabalho na salvaguarda do cordel brasileiro Tese de doutorado do Prof. Wilker \u00e9 premiada entre as 20 melhores no <a class=\"leiamais\" href=\"https:\/\/laboratorios.uepb.edu.br\/labegi\/noticias\/\">Leia Mais&#8230;<\/a><\/p>\n","protected":false},"author":6,"featured_media":0,"parent":0,"menu_order":0,"comment_status":"closed","ping_status":"closed","template":"","meta":{"footnotes":""},"class_list":["post-218","page","type-page","status-publish","hentry"],"_links":{"self":[{"href":"https:\/\/laboratorios.uepb.edu.br\/labegi\/wp-json\/wp\/v2\/pages\/218","targetHints":{"allow":["GET"]}}],"collection":[{"href":"https:\/\/laboratorios.uepb.edu.br\/labegi\/wp-json\/wp\/v2\/pages"}],"about":[{"href":"https:\/\/laboratorios.uepb.edu.br\/labegi\/wp-json\/wp\/v2\/types\/page"}],"author":[{"embeddable":true,"href":"https:\/\/laboratorios.uepb.edu.br\/labegi\/wp-json\/wp\/v2\/users\/6"}],"replies":[{"embeddable":true,"href":"https:\/\/laboratorios.uepb.edu.br\/labegi\/wp-json\/wp\/v2\/comments?post=218"}],"version-history":[{"count":7,"href":"https:\/\/laboratorios.uepb.edu.br\/labegi\/wp-json\/wp\/v2\/pages\/218\/revisions"}],"predecessor-version":[{"id":456,"href":"https:\/\/laboratorios.uepb.edu.br\/labegi\/wp-json\/wp\/v2\/pages\/218\/revisions\/456"}],"wp:attachment":[{"href":"https:\/\/laboratorios.uepb.edu.br\/labegi\/wp-json\/wp\/v2\/media?parent=218"}],"curies":[{"name":"wp","href":"https:\/\/api.w.org\/{rel}","templated":true}]}}