{"id":252,"date":"2024-09-04T14:05:19","date_gmt":"2024-09-04T17:05:19","guid":{"rendered":"https:\/\/laboratorios.uepb.edu.br\/labegi\/?page_id=252"},"modified":"2025-08-19T06:10:25","modified_gmt":"2025-08-19T09:10:25","slug":"sobreolab","status":"publish","type":"page","link":"https:\/\/laboratorios.uepb.edu.br\/labegi\/sobreolab\/","title":{"rendered":"Sobre"},"content":{"rendered":"<div class=\"wpb-content-wrapper\"><p>[vc_row][vc_column width=&#8221;1\/2&#8243;][vc_column_text]<\/p>\n<p align=\"justify\">O Laborat\u00f3rio de Empreendedorismo, Gest\u00e3o e Intelig\u00eancia (LABEGI) emerge como um espa\u00e7o din\u00e2mico e multidisciplinar, dedicado ao desenvolvimento e aplica\u00e7\u00e3o de conhecimentos inovadores em \u00e1reas cruciais para o avan\u00e7o acad\u00eamico e profissional. Este laborat\u00f3rio, situado em um ambiente acad\u00eamico de ponta, tem como objetivo integrar pesquisa, ensino e extens\u00e3o, promovendo a sinergia entre teoria e pr\u00e1tica. Suas principais \u00e1reas de atua\u00e7\u00e3o incluem o empreendedorismo, a gest\u00e3o organizacional e a intelig\u00eancia competitiva, proporcionando uma plataforma robusta para a forma\u00e7\u00e3o de lideran\u00e7as e a cria\u00e7\u00e3o de solu\u00e7\u00f5es que impactam a sociedade.<\/p>\n<p align=\"justify\">No \u00e2mbito da pesquisa, o LABEGI se destaca pela sua capacidade de abrigar projetos inovadores e de alta relev\u00e2ncia, que exploram as fronteiras do conhecimento nas \u00e1reas de empreendedorismo e gest\u00e3o. Os projetos de pesquisa desenvolvidos no laborat\u00f3rio investigam temas como a inova\u00e7\u00e3o empresarial, o comportamento empreendedor, as estrat\u00e9gias de crescimento para startups e pequenas empresas, al\u00e9m de novas abordagens de gest\u00e3o de recursos e intelig\u00eancia competitiva. Os estudos realizados buscam n\u00e3o apenas ampliar o conhecimento te\u00f3rico, mas tamb\u00e9m fornecer insights pr\u00e1ticos que possam ser aplicados em contextos reais, beneficiando tanto o setor acad\u00eamico quanto o mercado.<\/p>\n<p align=\"justify\">O LABEGI tamb\u00e9m se envolve ativamente em projetos de extens\u00e3o, aproximando a universidade da comunidade e do mercado. Atrav\u00e9s desses projetos, o laborat\u00f3rio contribui para o desenvolvimento econ\u00f4mico e social, oferecendo capacita\u00e7\u00e3o e consultoria para empreendedores, pequenas e m\u00e9dias empresas, e organiza\u00e7\u00f5es do terceiro setor.<\/p>\n<p align=\"justify\">Em rela\u00e7\u00e3o \u00e0s orienta\u00e7\u00f5es de TCC e de disserta\u00e7\u00f5es de mestrado, estudantes orientados no laborat\u00f3rio t\u00eam a oportunidade de desenvolver pesquisas aplicadas, alinhadas \u00e0s necessidades do mercado e \u00e0s demandas sociais. As orienta\u00e7\u00f5es no LABEGI incentivam a produ\u00e7\u00e3o de trabalhos que abordem problemas reais, utilizando metodologias inovadoras e ferramentas de an\u00e1lise avan\u00e7adas.<\/p>\n<p>[\/vc_column_text][\/vc_column][vc_column width=&#8221;1\/2&#8243;][vc_single_image image=&#8221;413&#8243; img_size=&#8221;full&#8221; css=&#8221;&#8221;][\/vc_column][\/vc_row]<\/p>\n<\/div>","protected":false},"excerpt":{"rendered":"<p>[vc_row][vc_column width=&#8221;1\/2&#8243;][vc_column_text] O Laborat\u00f3rio de Empreendedorismo, Gest\u00e3o e Intelig\u00eancia (LABEGI) emerge como um espa\u00e7o din\u00e2mico e multidisciplinar, dedicado ao desenvolvimento e aplica\u00e7\u00e3o de conhecimentos inovadores em \u00e1reas cruciais para o avan\u00e7o acad\u00eamico e profissional. Este laborat\u00f3rio, situado em um ambiente acad\u00eamico de ponta, tem como objetivo integrar pesquisa, ensino e extens\u00e3o, promovendo a sinergia entre <a class=\"leiamais\" href=\"https:\/\/laboratorios.uepb.edu.br\/labegi\/sobreolab\/\">Leia Mais&#8230;<\/a><\/p>\n","protected":false},"author":6,"featured_media":0,"parent":0,"menu_order":0,"comment_status":"closed","ping_status":"closed","template":"","meta":{"footnotes":""},"class_list":["post-252","page","type-page","status-publish","hentry"],"_links":{"self":[{"href":"https:\/\/laboratorios.uepb.edu.br\/labegi\/wp-json\/wp\/v2\/pages\/252","targetHints":{"allow":["GET"]}}],"collection":[{"href":"https:\/\/laboratorios.uepb.edu.br\/labegi\/wp-json\/wp\/v2\/pages"}],"about":[{"href":"https:\/\/laboratorios.uepb.edu.br\/labegi\/wp-json\/wp\/v2\/types\/page"}],"author":[{"embeddable":true,"href":"https:\/\/laboratorios.uepb.edu.br\/labegi\/wp-json\/wp\/v2\/users\/6"}],"replies":[{"embeddable":true,"href":"https:\/\/laboratorios.uepb.edu.br\/labegi\/wp-json\/wp\/v2\/comments?post=252"}],"version-history":[{"count":2,"href":"https:\/\/laboratorios.uepb.edu.br\/labegi\/wp-json\/wp\/v2\/pages\/252\/revisions"}],"predecessor-version":[{"id":414,"href":"https:\/\/laboratorios.uepb.edu.br\/labegi\/wp-json\/wp\/v2\/pages\/252\/revisions\/414"}],"wp:attachment":[{"href":"https:\/\/laboratorios.uepb.edu.br\/labegi\/wp-json\/wp\/v2\/media?parent=252"}],"curies":[{"name":"wp","href":"https:\/\/api.w.org\/{rel}","templated":true}]}}