{"id":5,"date":"2024-07-31T11:38:14","date_gmt":"2024-07-31T14:38:14","guid":{"rendered":"https:\/\/laboratorios.uepb.edu.br\/labegi\/?page_id=5"},"modified":"2025-08-10T13:54:51","modified_gmt":"2025-08-10T16:54:51","slug":"pagina-inicial","status":"publish","type":"page","link":"https:\/\/laboratorios.uepb.edu.br\/labegi\/","title":{"rendered":"P\u00e1gina Inicial"},"content":{"rendered":"<div class=\"wpb-content-wrapper\"><p>[vc_row gap=&#8221;30&#8243;][vc_column width=&#8221;3\/4&#8243;][vc_empty_space height=&#8221;20px&#8221;][vc_text_separator title=&#8221;Sobre o LABEGI&#8221; title_align=&#8221;separator_align_left&#8221; css=&#8221;.vc_custom_1721305422251{margin-top: 10px !important;margin-bottom: 10px !important;}&#8221;][vc_row_inner css=&#8221;.vc_custom_1722339366444{margin-top: 30px !important;}&#8221;][vc_column_inner][vc_column_text css=&#8221;{&#8220;margin-bottom&#8220;:&#8220;35px&#8220;}&#8221;]<strong>Sejam bem-vindos<br \/>\n<\/strong><\/p>\n<p align=\"justify\">O Laborat\u00f3rio de Empreendedorismo, Gest\u00e3o e Intelig\u00eancia (LABEGI) emerge como um espa\u00e7o din\u00e2mico e multidisciplinar, dedicado ao desenvolvimento e aplica\u00e7\u00e3o de conhecimentos inovadores em \u00e1reas cruciais para o avan\u00e7o acad\u00eamico e profissional. O LABEGI \u00e9 um ambiente amplamente utilizado atualmente por mais de 50 estudantes de gradua\u00e7\u00e3o e p\u00f3s-gradua\u00e7\u00e3o, proporcionando um espa\u00e7o essencial para a realiza\u00e7\u00e3o de experimentos e atividades pr\u00e1ticas de pesquisa e extens\u00e3o.<\/p>\n<p>[\/vc_column_text][\/vc_column_inner][\/vc_row_inner][\/vc_column][vc_column width=&#8221;1\/4&#8243;][vc_text_separator title=&#8221;Outros Links&#8221; title_align=&#8221;separator_align_left&#8221; css=&#8221;&#8221;][vc_btn title=&#8221;UEPB&#8221; shape=&#8221;square&#8221; color=&#8221;inverse&#8221; size=&#8221;lg&#8221; align=&#8221;left&#8221; css=&#8221;.vc_custom_1722339688244{margin-bottom: 10px !important;}&#8221; button_block=&#8221;true&#8221; link=&#8221;url:http%3A%2F%2Fwww.uepb.edu.br|title:UEPB|target:_blank&#8221;][vc_btn title=&#8221;CCBSA&#8221; shape=&#8221;square&#8221; color=&#8221;inverse&#8221; size=&#8221;lg&#8221; align=&#8221;left&#8221; css=&#8221;.vc_custom_1722339681961{margin-bottom: 10px !important;}&#8221; button_block=&#8221;true&#8221; link=&#8221;url:http%3A%2F%2Fcentros.uepb.edu.br%2Fccbsa|title:CCBSA|target:_blank&#8221;][vc_btn title=&#8221;RACIn&#8221; shape=&#8221;square&#8221; color=&#8221;inverse&#8221; size=&#8221;lg&#8221; align=&#8221;left&#8221; css=&#8221;.vc_custom_1722339681961{margin-bottom: 10px !important;}&#8221; button_block=&#8221;true&#8221; link=&#8221;url:http%3A%2F%2Farquivologiauepb.com.br%2Fracin|title:RACIn||target:_blank&#8221;][\/vc_column][\/vc_row][vc_row][vc_column][vc_btn title=&#8221;Leia mais&#8221; css=&#8221;{&#8220;margin-bottom&#8220;:&#8220;22px&#8220;}&#8221; link=&#8221;url:https%3A%2F%2Flaboratorios.uepb.edu.br%2Flabegi%2Fsobreolab%2F|title:Sobre&#8221;][\/vc_column][\/vc_row]<\/p>\n<\/div>","protected":false},"excerpt":{"rendered":"<p>[vc_row gap=&#8221;30&#8243;][vc_column width=&#8221;3\/4&#8243;][vc_empty_space height=&#8221;20px&#8221;][vc_text_separator title=&#8221;Sobre o LABEGI&#8221; title_align=&#8221;separator_align_left&#8221; css=&#8221;.vc_custom_1721305422251{margin-top: 10px !important;margin-bottom: 10px !important;}&#8221;][vc_row_inner css=&#8221;.vc_custom_1722339366444{margin-top: 30px !important;}&#8221;][vc_column_inner][vc_column_text css=&#8221;{&#8220;margin-bottom&#8220;:&#8220;35px&#8220;}&#8221;]Sejam bem-vindos O Laborat\u00f3rio de Empreendedorismo, Gest\u00e3o e Intelig\u00eancia (LABEGI) emerge como um espa\u00e7o din\u00e2mico e multidisciplinar, dedicado ao desenvolvimento e aplica\u00e7\u00e3o de conhecimentos inovadores em \u00e1reas cruciais para o avan\u00e7o acad\u00eamico e profissional. O LABEGI \u00e9 um ambiente <a class=\"leiamais\" href=\"https:\/\/laboratorios.uepb.edu.br\/labegi\/\">Leia Mais&#8230;<\/a><\/p>\n","protected":false},"author":4,"featured_media":388,"parent":0,"menu_order":0,"comment_status":"closed","ping_status":"closed","template":"","meta":{"footnotes":""},"class_list":["post-5","page","type-page","status-publish","has-post-thumbnail","hentry"],"_links":{"self":[{"href":"https:\/\/laboratorios.uepb.edu.br\/labegi\/wp-json\/wp\/v2\/pages\/5","targetHints":{"allow":["GET"]}}],"collection":[{"href":"https:\/\/laboratorios.uepb.edu.br\/labegi\/wp-json\/wp\/v2\/pages"}],"about":[{"href":"https:\/\/laboratorios.uepb.edu.br\/labegi\/wp-json\/wp\/v2\/types\/page"}],"author":[{"embeddable":true,"href":"https:\/\/laboratorios.uepb.edu.br\/labegi\/wp-json\/wp\/v2\/users\/4"}],"replies":[{"embeddable":true,"href":"https:\/\/laboratorios.uepb.edu.br\/labegi\/wp-json\/wp\/v2\/comments?post=5"}],"version-history":[{"count":26,"href":"https:\/\/laboratorios.uepb.edu.br\/labegi\/wp-json\/wp\/v2\/pages\/5\/revisions"}],"predecessor-version":[{"id":389,"href":"https:\/\/laboratorios.uepb.edu.br\/labegi\/wp-json\/wp\/v2\/pages\/5\/revisions\/389"}],"wp:featuredmedia":[{"embeddable":true,"href":"https:\/\/laboratorios.uepb.edu.br\/labegi\/wp-json\/wp\/v2\/media\/388"}],"wp:attachment":[{"href":"https:\/\/laboratorios.uepb.edu.br\/labegi\/wp-json\/wp\/v2\/media?parent=5"}],"curies":[{"name":"wp","href":"https:\/\/api.w.org\/{rel}","templated":true}]}}